visor of l and 36.
4
Suppose -4*b + 153 = -7*b. Let o be b/6*(-2)/1. Calculate the greatest common divisor of 51 and o.
17
Suppose -3*f = 8*v - 4*v + 17, 4 = -2*f + v. Let k = 4 + 5. Let t = k + f. Calculate the highest common factor of t and 6.
6
Suppose 0 = 2*d - 7*d + 220. Calculate the highest common factor of d and 11.
11
Let k be ((-8)/(-3))/(11/66). Let d(y) = 9*y**2 - 2*y + 1. Let v be d(1). Calculate the greatest common factor of v and k.
8
Let a = -48 + 118. What is the greatest common divisor of a and 14?
14
Suppose 45 - 5 = 5*n. Suppose -4*u + 13 = v, 2*u + 3*v - 12 = -u. Suppose u*z - n = 4. Calculate the highest common factor of z and 4.
4
Let r be (3/(-6) - 1)/(1/(-18)). What is the highest common factor of r and 3?
3
Let t = 57 + -25. Let x(k) = 10*k - 2. Let o be x(-6). Let g be o/(-8) - (-3)/12. What is the greatest common factor of g and t?
8
Let h(x) = 2*x**3 + 4*x**2 - 2. Let s(r) = 2*r + 1. Let z be s(1). Let u be h(z). What is the greatest common factor of 8 and u?
8
Suppose -3*a - 5*w = 5, 2*a + 19 = -w + 4. Let l be ((-16)/(-20))/(1/a). Let d be (-1)/2*4*l. Calculate the highest common factor of d and 48.
16
Let k = 100 - 52. Calculate the highest common factor of 32 and k.
16
Suppose r = -2*r - 15. Let q = 19 + r. Calculate the highest common divisor of q and 2.
2
Let f be 30/(-4)*4/(-2). What is the highest common factor of 135 and f?
15
Let s be -14*(4 - 3)*-2. Let w = -49 - -91. What is the greatest common factor of s and w?
14
Suppose -5*f + 283 = 13. Let z = 22 - 16. What is the greatest common factor of z and f?
6
Suppose -15 = -0*n + n. Let v be 11*1 + n/5. Calculate the greatest common divisor of v and 64.
8
Let w(i) = 65*i**3 + i. Let u be w(1). Suppose 2 = -3*j - 4*f, -5*f + 0*f = 25. What is the greatest common factor of u and j?
6
Let a = -93 - -255. Suppose 4*b - 93 = 15. Let z = -9 + b. What is the highest common factor of z and a?
18
Let k = 25 - 15. Let u(t) = 3*t - 2. Let y be u(2). Suppose y*a = -4*b + 92, 4*a - 9 = 3*b + 97. Calculate the highest common factor of a and k.
5
Let m = -23 - -53. Calculate the greatest common divisor of 45 and m.
15
Let q(z) = -z**3 + 7*z**2 + 7*z - 13. Let m be q(7). What is the highest common divisor of 3 and m?
3
Let g be -6 - -3 - 7*-7. What is the highest common factor of 23 and g?
23
Let t = 6 - -6. What is the highest common divisor of t and 12?
12
Let a = 29 - 25. Calculate the highest common factor of 8 and a.
4
Suppose 0*q + 3*q = -5*c + 5, 0 = -5*q. Calculate the greatest common divisor of 8 and c.
1
Let o be 5/(-25) + 21/5. Suppose 0 = -w + 4*d + 19, 47 = 5*w - 0*w + o*d. Calculate the greatest common divisor of w and 33.
11
Let w(n) = 3*n - 1. Let l be w(2). Suppose 45 = l*h + 5*z, -z = -2*h - 5*z + 28. What is the greatest common factor of h and 2?
2
Let i(g) = 6*g + g + 9*g - 3. Let x be i(5). Let n = -10 + 17. What is the highest common factor of x and n?
7
Suppose -6 = 3*w - 51. Let i be 2/(-4)*(w - -1). Let p = 23 + i. Calculate the greatest common divisor of 5 and p.
5
Let n be 2 + 1/(2/348). What is the greatest common divisor of n and 16?
16
Let f(q) = q**3 + 7*q**2 - 9*q + 9. Let p be f(-8). Let o = 39 + p. What is the highest common factor of 14 and o?
14
Let v be (5 - (-33)/(-7))*56/4. Suppose t + 13 = 3*n, -2*n - n + 15 = 0. What is the highest common divisor of v and t?
2
Suppose -12 = 2*p - 42. Let m = -8 + p. What is the greatest common factor of 14 and m?
7
Let m = 10 + -5. Suppose g - 3*q + 1 = -4, m*g - 4*q - 30 = 0. Suppose 0*k - 2*k + 180 = 0. Calculate the highest common factor of k and g.
10
Let t(i) = i**3 - i**2 + i + 42. Let g be t(0). Calculate the highest common factor of 28 and g.
14
Let w(k) = 9*k + 9. Let h be w(4). Calculate the highest common divisor of 15 and h.
15
Let y be 1 + -2 + 47/(-1). Let i = 8 - y. Calculate the greatest common divisor of 14 and i.
14
Let r = -37 + 114. Calculate the greatest common divisor of 11 and r.
11
Let x be ((-225)/20)/((-9)/48). Calculate the greatest common factor of x and 4.
4
Suppose 2*r - 192 = -2*u, -r - 291 = -4*r - 4*u. Suppose -5*n - 171 = -c - 3*c, 2*c + 5*n - r = 0. What is the greatest common factor of 110 and c?
22
Let h(o) = -o**3 + 8*o**2 - 2*o - 9. Let w be h(7). Suppose 6*f = 10*f - 208. What is the greatest common divisor of w and f?
26
Let i be (-36)/(-63) - (-1266)/14. Calculate the greatest common divisor of i and 13.
13
Suppose -25 - 60 = -v. Let s(g) = -5*g + 4. Let b be s(-6). Calculate the highest common divisor of v and b.
17
Let h be -3*((-3)/(-9) - 1). Let k be (h - -1)/(6/4). Suppose 0 = p - k - 6. Calculate the highest common divisor of p and 12.
4
Let q be 1*-2*(-356)/(-8). Let d = q - -166. Calculate the highest common divisor of d and 7.
7
Let x = -12 + 60. Calculate the greatest common factor of 6 and x.
6
Suppose 0 = -5*w + 12 + 3. Let f be (-4)/3*-1*w. Suppose f*d = 6 + 10. What is the highest common factor of 4 and d?
4
Suppose 2*s - 6 = 0, -4*d + 20 = -2*s - 2*s. Let o = -10 + 18. Let c be (0 - o/(-12))*12. What is the highest common divisor of c and d?
8
Let v = -93 + 152. Let r be 2 - (-1 + -1 + 2). Suppose v = r*q - 1. Calculate the greatest common factor of 6 and q.
6
Suppose 4*h = -3*x + 11 + 8, 2*h + 8 = 2*x. What is the greatest common factor of 35 and x?
5
Suppose -5*h + 1008 = 4*h. What is the greatest common factor of 16 and h?
16
Let i = 1 + 5. Let v(r) = -2*r**2 + 23*r - 18. Let d be v(10). What is the greatest common divisor of i and d?
6
Suppose 2*k - 1620 = -3*k. Let i = -521 - -347. Let j = i + k. Calculate the greatest common factor of 15 and j.
15
Suppose t = 2*i - 706, -5*i = -0*t + 4*t - 1752. What is the highest common divisor of i and 32?
32
Let h(d) = 8*d - 4. Let b be h(12). What is the highest common divisor of b and 230?
46
Suppose 2*i - 8 = i. Suppose -2*k + i = -0. What is the greatest common divisor of 32 and k?
4
Let y(c) = -2*c**2 + 12*c - 4. Let q = -6 + 11. Let r be y(q). Calculate the highest common factor of 30 and r.
6
Let v(z) = 166*z**2 - 1. Let u be v(-1). Calculate the highest common factor of 15 and u.
15
Let d = 348 + -237. Let k = 171 - d. What is the highest common factor of 15 and k?
15
Suppose -4*w = -o - 73, -3*o + 2 = w - 13. Let c = 31 - w. What is the highest common factor of 104 and c?
13
Suppose -2*z - 10 = 0, -4*h = z - 2*z - 77. What is the greatest common divisor of h and 18?
18
Let a(m) = -3*m - 11. Let y be a(-8). Calculate the highest common divisor of y and 13.
13
Let c be (-6)/8 + (6 - (-775)/20). Calculate the greatest common factor of 66 and c.
22
Let g(x) = 2*x - 33. Let k be g(27). What is the highest common factor of k and 231?
21
Let g = -23 - -29. Let i(j) = -j**2 - 4*j. Let b be i(-3). Let k = b - 0. Calculate the highest common factor of k and g.
3
Let k be (-124)/(-6) + 6/18. Let t be 2/7 + 456/k. Let i = 3 + -1. What is the highest common divisor of i and t?
2
Suppose 5*q - 559 = -59. Suppose 5*y + 0*y - q = 0. Calculate the highest common factor of y and 20.
20
Let a(b) = 2*b - 2. Let x be a(4). Let f = 11 - -13. What is the highest common factor of f and x?
6
Let f(y) = -11*y + 5. Let x be f(-4). Suppose -x = 2*l - 3*l. Suppose 5*j - 29 = 2*o, -20 = -3*j - 5*o + 16. Calculate the highest common factor of l and j.
7
Let z(v) = -2*v**2 - v. Let j = -4 + 2. Let w be z(j). Let x be (-112)/(-3) - 4/w. What is the greatest common divisor of x and 95?
19
Suppose -3*o - 3 = 0, 3*o = -2*h + 4*o + 17. What is the greatest common factor of h and 56?
8
Suppose 5*l = 2*l + 33. What is the greatest common factor of l and 99?
11
Let b be 0 + (25 - 0/(-2)). Suppose 0 = 5*o - 1 - 14. Let c be (o/9)/((-5)/(-1875)). What is the greatest common factor of b and c?
25
Suppose -5*t + 10*t - 65 = 0. Calculate the highest common divisor of t and 143.
13
Let h be (76*(-2)/12)/((-2)/33). Calculate the highest common divisor of h and 19.
19
Let b be ((-13)/4)/((-2)/8). Let i = 5 + b. What is the highest common divisor of i and 27?
9
Let z be 3/21 - (4002/(-14) + 0). Calculate the greatest common divisor of 26 and z.
26
Let f(o) = 4*o**2 + 16*o - 4. Let i be f(-7). What is the greatest common divisor of 16 and i?
16
Let c = 81 - 53. What is the highest common factor of 14 and c?
14
Let s = -37 - -64. What i